{"id":12,"date":"2016-09-05T19:52:33","date_gmt":"2016-09-05T19:52:33","guid":{"rendered":"http:\/\/demos.famethemes.com\/screenr\/?page_id=12"},"modified":"2026-01-06T14:32:12","modified_gmt":"2026-01-06T14:32:12","slug":"responsive-design","status":"publish","type":"page","link":"https:\/\/jazgotwroclaw.com.pl\/index.php\/responsive-design\/","title":{"rendered":"Wynajem W\u00f3zk\u00f3w Wid\u0142owych"},"content":{"rendered":"","protected":false},"excerpt":{"rendered":"<p>Oferujemy wynajem kr\u00f3tkoterminowy i d\u0142ugoterminowy w\u00f3zk\u00f3w wid\u0142owych. Elastyczne warunki wynajmu umo\u017cliwiaj\u0105 dopasowanie oferty do potrzeb Twojej firmy, bez konieczno\u015bci inwestowania w zakup sprz\u0119tu.<\/p>\n","protected":false},"author":2,"featured_media":0,"parent":0,"menu_order":0,"comment_status":"closed","ping_status":"closed","template":"","meta":{"footnotes":""},"class_list":["post-12","page","type-page","status-publish","hentry"],"_links":{"self":[{"href":"https:\/\/jazgotwroclaw.com.pl\/index.php\/wp-json\/wp\/v2\/pages\/12","targetHints":{"allow":["GET"]}}],"collection":[{"href":"https:\/\/jazgotwroclaw.com.pl\/index.php\/wp-json\/wp\/v2\/pages"}],"about":[{"href":"https:\/\/jazgotwroclaw.com.pl\/index.php\/wp-json\/wp\/v2\/types\/page"}],"author":[{"embeddable":true,"href":"https:\/\/jazgotwroclaw.com.pl\/index.php\/wp-json\/wp\/v2\/users\/2"}],"replies":[{"embeddable":true,"href":"https:\/\/jazgotwroclaw.com.pl\/index.php\/wp-json\/wp\/v2\/comments?post=12"}],"version-history":[{"count":4,"href":"https:\/\/jazgotwroclaw.com.pl\/index.php\/wp-json\/wp\/v2\/pages\/12\/revisions"}],"predecessor-version":[{"id":1290,"href":"https:\/\/jazgotwroclaw.com.pl\/index.php\/wp-json\/wp\/v2\/pages\/12\/revisions\/1290"}],"wp:attachment":[{"href":"https:\/\/jazgotwroclaw.com.pl\/index.php\/wp-json\/wp\/v2\/media?parent=12"}],"curies":[{"name":"wp","href":"https:\/\/api.w.org\/{rel}","templated":true}]}}